t of n?
4
Let t = -118 - -122. What is the tens digit of 102/68 + 1850/t?
6
Suppose 68*y = -85*y - 0*y + 5763663. What is the units digit of y?
1
Suppose -35*f + 139580 = -15*f. What is the thousands digit of f?
6
Let b = 292 + -292. Let j(a) = -a**2 + 4*a + 12. What is the tens digit of j(b)?
1
Let u = 45 - 41. Let k be (6/(-8))/(u/(-16)). Suppose k*l = -0*l + 108. What is the tens digit of l?
3
Suppose -4*h = 3*f - 29382 - 168606, -5*f - 2*h + 330008 = 0. What is the hundreds digit of f?
0
Suppose -36*n = -51228 - 2412. What is the units digit of n?
0
Suppose 0 = 4*m - 3*x - 18, -9 = 3*m - x - 20. Suppose 4*u = 4*i + 2080, -m*u - i = -2422 + 870. What is the units digit of u?
8
Suppose -36*c + 11*c + 305019 = -14*c. What is the thousands digit of c?
7
Let b = -202 - -206. Suppose -b*u + 2065 = 397. What is the units digit of u?
7
Let t(q) = -q**2 - 50*q - 99. Let j be t(-47). Suppose -44*u + 1732 = -j*u. What is the tens digit of u?
6
Let b = -1920 - -2736. What is the units digit of b?
6
What is the units digit of ((-32)/10)/((-1274145)/(-60675) - 21)?
2
Suppose 2*y + 89044 = n, 6*n + 5*y - 201489 - 332656 = 0. What is the hundreds digit of n?
0
Let i be (1/4)/(4/16)*4644. Suppose -15*b + i = 3*b. What is the tens digit of b?
5
Suppose 4*k - 4 = 20. Suppose -226 = -k*i + 944. Let g = i + -126. What is the tens digit of g?
6
Let w(i) be the first derivative of i**3/3 + 7*i**2/2 - 7*i - 29. Let k be w(-6). Let v(l) = -l**3 - 13*l**2 - 9*l + 12. What is the units digit of v(k)?
9
Let p = 3532 - -61. Suppose -4*v - 5*k = -p, 0 = -4*v + 5*k - 911 + 4494. What is the hundreds digit of v?
8
Let c be -7*3/(273/2977). Let g be (-2606)/(-8) + (-2)/(-8). Let v = c + g. What is the tens digit of v?
9
Let x = -217 - -349. Suppose 5*r = 5*v + 280, -485*r - 168 = 3*v - 480*r. Let h = v + x. What is the units digit of h?
6
Suppose 0 = 3*a + 2*v - 40715, 5*a + v = 84491 - 16635. What is the hundreds digit of a?
5
Suppose -y - 14*y = 85049 - 758159. What is the thousands digit of y?
4
Let w = -3366 + 7790. What is the hundreds digit of w?
4
Suppose -2*l + x - 122 = 0, 5*l - 4*l + 3*x + 75 = 0. Let p = -45 - l. Suppose 0 = -12*h + p*h - 384. What is the units digit of h?
4
Let w(n) = 159*n**2 + 17*n + 16. Let c be w(-5). Suppose -c = 13*h - 12174. What is the units digit of h?
6
Let p = 136 + -84. Let s = -48 + p. Suppose 0 = -s*f + 3*f + 91. What is the units digit of f?
1
Suppose -w = 13*s - 11*s - 10614, 0 = -5*w + s + 53015. Suppose 37*p = 15*p + w. What is the tens digit of p?
8
Suppose 8 = i + 3*i. Suppose 0 = -8*p - 102 + 2230. Suppose 38 = i*f - p. What is the hundreds digit of f?
1
Let r be 4 - (1972/(-4) - 3). Suppose r = 18*b - 14*b. What is the hundreds digit of b?
1
Suppose -2*g = 2*s - 7694, 4*g + 11543 = 3*s + 6*g. What is the units digit of s?
9
Let f = -303 + 301. What is the units digit of 142972/217 + f/(-14)?
9
Let o = -393 - -398. Suppose 2*m - 1583 = -o*l, 4*m - 2571 = 5*l + 580. What is the units digit of m?
9
Suppose -497*n = -485*n - 346404. What is the hundreds digit of n?
8
Suppose -31*w + 32*w - 5 = 0. What is the units digit of 2 + 126 + (7 - w - -2)?
2
What is the tens digit of -22 + 26 - (-3)/(((-27)/(-4178))/9)?
8
Suppose -4*k = -6*v + 97650, 323*v - 32550 = 321*v + 5*k. What is the ten thousands digit of v?
1
Let k be (-16*6/60)/(4/(-40)). Suppose 465 = 4*p + k*j - 15*j, 3*j + 215 = 2*p. What is the units digit of p?
5
Let w(g) = 86*g**2 - 144*g + 1103. What is the hundreds digit of w(8)?
4
Let j = -19 - 74. Let n = 95 + j. What is the units digit of (54/(-12)*1)/(n/(-120))?
0
Let n(i) = -35*i + 217. What is the units digit of n(-62)?
7
Let q be ((-2)/6*56)/((-4)/12). Let j = -3 + q. What is the tens digit of j?
5
Suppose 3*o = 3*a + 25305, 0 = -104*o + 106*o + 2*a - 16886. What is the tens digit of o?
3
Suppose -25209*a + 124236 = -25204*a - 49249. What is the hundreds digit of a?
6
Let r = 187 - 201. What is the thousands digit of 1355 - (-4 + r/(-7))?
1
Let k = 414 + 3307. Let q = k + -2506. What is the hundreds digit of q?
2
Let x = -4 + 10. Let r be 4/(-1*15/(-5) - (-115)/(-45)). Suppose -x*p = r*p - 2340. What is the units digit of p?
6
Let n be (-2 - (-18)/7)*(-84)/(-24). Suppose n*t + 13*t = 75. Suppose t*i - 1284 = 11. What is the tens digit of i?
5
Let i(c) = 11*c**2 - 13*c + 36. Let b be i(6). Let u = -213 + b. What is the tens digit of u?
4
Let t = 7 - 12. Let s(m) = 591*m**2 + 590*m**2 + 15 + 591*m**2 + m**3 - 5 - 1766*m**2 + m. What is the tens digit of s(t)?
3
Let b(y) = 2*y - 43. Let p be b(25). Suppose -p*a = -a - a. Suppose 0 = 5*z + q - 708, 5*z + a*z = 4*q + 693. What is the tens digit of z?
4
Suppose 83*t = 62*t + 123375. What is the hundreds digit of t?
8
Let k = 24 + -39. Let h be (-412)/(-5) - (0 - 6/k). Let t = h + -64. What is the tens digit of t?
1
Suppose -s - 36 = 2*s + 3*z, -3*s - 48 = -z. What is the units digit of (1539/15)/((-3)/s)?
3
Let d(s) = 142*s**2 - 5*s - 13. Let q(c) = c**3 + 10*c**2 + 12*c + 25. Let j be q(-9). What is the hundreds digit of d(j)?
5
Suppose 9*d - 50 = -5. What is the hundreds digit of (188/3)/(42/(-9) + d)?
1
Let u(r) = -3*r - 17. Let x be -7*(2 + -7)/(-5). Let o be u(x). Suppose -o*i - 18 = -z, -i - 12 = -z - 0. What is the units digit of z?
0
Let s = -3 + 11. Let w(a) = -12 - s + 11 - 5 + 4*a. What is the tens digit of w(13)?
3
Let y be (64 - 8)/(10/65). Suppose -6 = 2*d, -4*d = 5*q - 7*q + y. What is the hundreds digit of q?
1
Let w(g) be the third derivative of g**6/120 + 19*g**5/60 + 7*g**4/12 - g**3/3 + 112*g**2. What is the tens digit of w(-10)?
5
Suppose 24*x - 124280 + 10184 = 0. What is the tens digit of x?
5
Let n(c) be the first derivative of 103*c**2 - 40. What is the units digit of n(3)?
8
Suppose 1554368 = 179*z - 115*z. What is the tens digit of z?
8
Suppose -8 + 4 = -2*u. Let w be 549/(-6)*u/(-3). Suppose 0 = -2*n + w + 103. What is the units digit of n?
2
Suppose -3*q + 637 = -2*c, 0 = -5*q + c - 0*c + 1064. What is the hundreds digit of q?
2
Suppose 5*s - 6*j - 119875 = -11*j, -4*s = -j - 95875. What is the thousands digit of s?
3
Let g(r) = -106 + 34 + 51 + 0*r - 2*r. Let u be g(16). Let d = u - -71. What is the tens digit of d?
1
Let z = -23 - -25. Let l be -5*z/((-40)/12). Suppose -2*h - 3*h + 263 = l*t, -3*h = 6. What is the tens digit of t?
9
Let m be 35/((-245)/42) - (766 + 0). Let y = m - -1106. What is the tens digit of y?
3
Let a(b) = b**3 - 4*b**2 - 26*b + 47. Let w be a(7). What is the tens digit of 1507 + -1 + -4 + w?
1
Suppose 590*s - 548*s - 104412 = 0. What is the tens digit of s?
8
Let l = -26811 - -37583. What is the hundreds digit of l?
7
Let q(g) = 30*g - 14. Let k(f) = -210*f + 95. Let w(s) = -2*k(s) - 15*q(s). What is the units digit of w(-4)?
0
Let q = -257 - -87. Suppose 35*p - 9*p - 13500 = -24*p. Let x = p + q. What is the hundreds digit of x?
1
Let f be -330*3/24*-4. What is the tens digit of (-198)/f - 2532/(-10)?
5
Let t(w) = 113*w + 4985. What is the tens digit of t(-22)?
9
Let m = 22393 - 22399. Suppose 6*h = 3*h - 441. What is the tens digit of h*4/8*8/m?
9
Let m be 0/(-1)*(-6 - -5). Suppose 2*p = -p - 5*w + 360, m = 5*p - 2*w - 569. What is the tens digit of (-1)/(((-10)/p)/2)?
2
Let j = 48368 + -21623. What is the thousands digit of j?
6
Suppose 3*p - 46571 = -4*i, 3*p - 4*p = -5*i - 15530. What is the tens digit of p?
2
Suppose y + 24084 = -5*y. Let p = y - -2680. What is the units digit of (-22)/77 - p/14?
5
Let b = 1589 + -1440. Suppose -2*k = -7*k - 70. Let q = b + k. What is the tens digit of q?
3
Let t = -3867 + 5577. What is the hundreds digit of t?
7
Let c(l) = l**2 - 55*l + 1484. What is the hundreds digit of c(94)?
1
Let i = -2394 - -1190. Let w = i + 1740. What is the hundreds digit of w?
5
Let w(n) = -n**3 + 50*n**2 - 28*n + 124. What is the tens digit of w(37)?
8
Let z(q) = -12*q**3 - 3*q**2 - 5*q - 1. Suppose 2*f - 4*l = 30, -3*l - 5 = 10. Let b be 10/(-6) + (f - (-32)/(-6)). What is the tens digit of z(b)?
9
Let g be 9*(-2 + (4/4 - -7)). Suppose s + g = 141. Let c = s - -73. What is the hundreds digit of c?
1
Let f = 2810 - -6875. What is the hundreds digit of f?
6
Suppose 0 = -42*n + 1196 + 1366. Suppose 0 = 57*l - n*l + 4712. What is the units digit of l?
8
Suppose 18*l = 91351 + 5453. What is the